{"id":105,"date":"2018-04-02T18:44:15","date_gmt":"2018-04-02T18:44:15","guid":{"rendered":"https:\/\/modellame.com\/?page_id=105"},"modified":"2022-01-25T09:19:14","modified_gmt":"2022-01-25T09:19:14","slug":"accueil","status":"publish","type":"page","link":"https:\/\/modellame.com\/index.php\/fr\/accueil\/","title":{"rendered":"Accueil"},"content":{"rendered":"<p>Les technologies BIM (Building Information Modeling) sont reconnues dans le monde entier comme un moteur (potentiellement) puissant menant le secteur de la construction vers la durabilit\u00e9. Il est devenu un processus collaboratif \u00e9tendu bien \u00e9tabli et un important domaine de d\u00e9veloppement dans l&#8217;industrie de l&#8217;architecture, de l&#8217;ing\u00e9nierie et de la construction (AEC).<\/p>\n<p>Il implique la cr\u00e9ation d&#8217;un mod\u00e8le num\u00e9rique de la structure en phase de projet. Toutes les donn\u00e9es pertinentes pour la conception, la construction et la gestion d&#8217;un objet sont incluses et mises \u00e0 la disposition de toutes les parties concern\u00e9es.<\/p>\n\n\n<figure class=\"wp-block-image size-full is-resized\"><a href=\"https:\/\/modellame.com\/wp-content\/uploads\/2022\/01\/Ficha-Projeto.pdf\" target=\"_blank\" rel=\"noopener\"><img loading=\"lazy\" decoding=\"async\" src=\"https:\/\/modellame.com\/wp-content\/uploads\/2022\/01\/Norte-2020-1.png\" alt=\"\" class=\"wp-image-12796\" width=\"674\" height=\"168\" srcset=\"https:\/\/modellame.com\/wp-content\/uploads\/2022\/01\/Norte-2020-1.png 1000w, https:\/\/modellame.com\/wp-content\/uploads\/2022\/01\/Norte-2020-1-300x75.png 300w, https:\/\/modellame.com\/wp-content\/uploads\/2022\/01\/Norte-2020-1-768x192.png 768w\" sizes=\"auto, (max-width: 674px) 100vw, 674px\" \/><\/a><\/figure>\n","protected":false},"excerpt":{"rendered":"<p>Les technologies BIM (Building Information Modeling) sont reconnues dans le monde entier comme un moteur (potentiellement) puissant menant le secteur de la construction vers la durabilit\u00e9. Il est devenu un processus collaboratif \u00e9tendu bien \u00e9tabli et un important domaine de d\u00e9veloppement dans l&#8217;industrie de l&#8217;architecture, de l&#8217;ing\u00e9nierie et de la construction (AEC). Il implique la &hellip; <\/p>\n<p class=\"link-more\"><a href=\"https:\/\/modellame.com\/index.php\/fr\/accueil\/\" class=\"more-link\">Continue reading<span class=\"screen-reader-text\"> &#8220;Accueil&#8221;<\/span><\/a><\/p>\n","protected":false},"author":1,"featured_media":167,"parent":0,"menu_order":0,"comment_status":"closed","ping_status":"closed","template":"","meta":{"footnotes":""},"class_list":["post-105","page","type-page","status-publish","has-post-thumbnail","hentry"],"_links":{"self":[{"href":"https:\/\/modellame.com\/index.php\/wp-json\/wp\/v2\/pages\/105","targetHints":{"allow":["GET"]}}],"collection":[{"href":"https:\/\/modellame.com\/index.php\/wp-json\/wp\/v2\/pages"}],"about":[{"href":"https:\/\/modellame.com\/index.php\/wp-json\/wp\/v2\/types\/page"}],"author":[{"embeddable":true,"href":"https:\/\/modellame.com\/index.php\/wp-json\/wp\/v2\/users\/1"}],"replies":[{"embeddable":true,"href":"https:\/\/modellame.com\/index.php\/wp-json\/wp\/v2\/comments?post=105"}],"version-history":[{"count":5,"href":"https:\/\/modellame.com\/index.php\/wp-json\/wp\/v2\/pages\/105\/revisions"}],"predecessor-version":[{"id":12803,"href":"https:\/\/modellame.com\/index.php\/wp-json\/wp\/v2\/pages\/105\/revisions\/12803"}],"wp:featuredmedia":[{"embeddable":true,"href":"https:\/\/modellame.com\/index.php\/wp-json\/wp\/v2\/media\/167"}],"wp:attachment":[{"href":"https:\/\/modellame.com\/index.php\/wp-json\/wp\/v2\/media?parent=105"}],"curies":[{"name":"wp","href":"https:\/\/api.w.org\/{rel}","templated":true}]}}